623 - (-1 + (16 - 0) + 0 + 0).
42
What is the value of (-13 - 2) + 135 + -121 + -40?
-41
-56 + (21 - 33 - 5 - -20)
-53
66 + -53 + -120 + -1 + (-2 - -1) + 5
-104
31 - (14 - (18 + -11)) - 4
20
Evaluate 11 + -9 + (-16 - 7) + -56.
-77
What is the value of ((-11 - -14) + -9 - 11) + (-3 - 1)?
-21
What is the value of 21 + 23 + -12 + (-23 - -26)?
35
What is the value of (0 - -3 - -28) + (-40 - -44) - -1?
36
What is -15 - (22 - (-17 + -3)) - (-1 + (1 - 9))?
-48
Evaluate (235 - 178) + 6 + -21.
42
(1 - -25) + (1 + 11 - (7430 + -7437))
45
Evaluate (-9 - -5) + 4 + -6 + 1 + -23.
-28
What is -9 - (-6 - (7 + -3) - 60)?
61
Evaluate -148 + (65 - 31) + 60.
-54
What is 219 + -265 + 63 - (-1 - 33)?
51
(58 + -66 - -63) + (-4 - 8)
43
6 + -11 + -13 + -77 + 49
-46
What is (-61 - (-8 - -2)) + (3 - (46 - 37))?
-61
3 + -18 + -18 + 15 + 99
81
Evaluate (65 - 0) + -1 + (1309 - 1300) - 14.
59
Evaluate 13 + (-4 - (-220 + 114)).
115
(0 - -79) + 95 + -70 + (-8 - 30 - -6)
72
Evaluate 23 + 42 + 14 + -3 + -21.
55
92 - ((155 - 42) + -30)
9
4 - (-8 - -30) - -9 - (-77 - (7 - 6))
69
What is the value of -58 + -12 + -9 - -74?
-5
Evaluate -27 + 20 + -57 + 76.
12
What is the value of (1 - (2 - 6)) + 60 + 49 + -106?
8
-501 - -477 - (-48 + -1)
25
What is the value of -7 - (33 - 20 - (-1 - -3 - (29 + -19)))?
-28
Evaluate (-29 - 0) + 349 + -362 + -87.
-129
What is (1 - (46 + -8)) + (5 - 8 - -3)?
-37
What is the value of -10 + 52 + -18 + (-35 - 25)?
-36
Calculate -27 - 95 - -21 - (-33 + 20).
-88
1 - -59 - (1 + 32 - (16 + 7))
50
-2 - (8 - 26) - (23 + 1 + 0)
-8
Evaluate (-32 - (-83 - -48) - 128) + -18 + -2.
-145
What is the value of 0 + 10 + (-17 - -24 - (18 + -3)) + -28?
-26
What is the value of 4 + 17 - (67 - (-27 - -57))?
-16
What is the value of -4 + 0 - (-45 + -57 + 51 + 126)?
-79
4 + 1 - (-55 + (-29 - -54) - -27)
8
What is the value of -7 + 121 + -148 + 168 - 30?
104
-1 + -59 + (14 - (-15 + (8 - -30)))
-69
-10 - (-25 + -10) - (-3 - (-34 - -9))
3
What is (-3 - -4) + -14 - (-9 + 1 + 11 - -2)?
-18
Evaluate (-36 - -18) + (-21 - -28) - (5 + -21 + 4).
1
What is the value of 6 - (-23 - (1 + -106 - (-94 + 91)))?
-73
What is the value of (8 + -25 - -9 - 4) + (121 - 91)?
18
What is the value of 6 - 2 - ((-22 - 1) + (33 - 19))?
13
-72 + -19 - 33 - -50
-74
0 - 1 - (-5 - ((11 - 17) + 8))
6
What is -12 - 5 - (-8 + 27 - 3 - -6)?
-39
Calculate (-2 - (1 + -9)) + (73 - 92) + 56.
43
Evaluate -17 + 3 + (315 - 292) + 9 + 1.
19
What is (-5 - -4) + -14 + -1 - (17207 - 17234)?
11
Calculate 4 + (-4 + 6 + 4 - (37 - (29 + 33))).
35
What is 81 - (1 - 1) - (-76 + 22 + 73)?
62
Calculate -30 + (22 - (-7 + (-15 - 16))).
30
What is -12 + (19 - 8) - (28 - -3)?
-32
Calculate -11 - (-47 + (-16 - -58) - -58).
-64
Calculate 64 + (-61 - -1) + -22.
-18
63 + (0 - 7) + -53
3
What is the value of 67 + 8 + -24 - (-6 + 10) - 6?
41
5 + -66 + (11 - (-1 + (-6 - -17)))
-60
Calculate (3 - 89) + 150 + -90.
-26
-103 - -97 - (-6 + 4 + -1 + 115)
-118
What is (-37 - (-16 + 41)) + 34 + -3?
-31
What is -745 + 710 - (1 + -1 + 15) - (7 + -5)?
-52
What is the value of 5 + 0 - (13 + (-116 - -3) + -28 + 26)?
107
What is the value of 19 - (-2 + (-2 - -12)) - ((-8 - 1) + 4)?
16
Evaluate -17 - 4 - -54 - -17.
50
What is -2 - (117 + (-92 - 27))?
0
What is -2 + -5 - (9 + 129 + -77)?
-68
Evaluate 39 + -30 + -4 - (77 + -5 - 5).
-62
What is the value of 2 - -3 - (-16 - 4 - (42 - 48))?
19
Calculate (87 - 2) + (-136 - 38) + 143.
54
What is the value of -6 + (20 - -17) + -17 + -69 + (1 - 3)?
-57
What is the value of 148 + (48 + -86 - -21)?
131
Calculate -68 - 11 - -54 - (24 + -3).
-46
What is the value of -96 + -42 + (15 - 24 - -10)?
-137
What is the value of 8 + (37 - (-12 + 9 + -14 + 6))?
56
Calculate 16 - (0 + -2 + 8 + 1 - 4).
13
Calculate 170 + (-100 + -67 - -70).
73
Calculate (-93 - -109) + -31 - -28.
13
What is (8 - 1) + (0 - (-4 + 15)) + 9?
5
What is (17 + -34 - -27) + -66?
-56
2 + -19 + -15 + (-29 - -64) - 83
-80
Evaluate -18 + (523 - 577 - (12 + -1)).
-83
What is the value of -33 - -40 - -25 - -25?
57
Calculate 4 + (-16 + -4 - (13 - 35)) - (-10 - -1).
15
Evaluate -496 - -485 - (-6 - -7 - 39).
27
Calculate (62 - 35 - 44) + 1 + 4 + -28.
-40
Calculate -2 - (-4 + 33 + -11 + -7 + 12 + 7).
-32
Calculate (43 - (10 - (-1 + -4 + 11))) + -18 + 7.
28
(-1 - (13 - (7 + -6))) + -10 + -7 - 10
-40
What is the value of -84 - (42 + (-80 - 9))?
-37
What is the value of 209 + -217 + (8 - (4 + -1))?
-3
67 - (-65 + -131 + 186)
77
Calculate -88 - (-11 - -5) - (10 + (-21 - 2 - -3)).
-72
2 + (-8 - -1 - (-11 + 2)) + (4 - 12)
-4
56 - (4 + (83 - 47))
16
Evaluate -16 + (0 - 2 - ((37 - 8) + -20)) + -30.
-57
60 + 1 - (0 + 43)
18
(39 + (-17 - 2) - 23) + -59 + -12
-74
What is 121 - 56 - (-1 + (1 - -1) - (-14 - -5))?
55
What is -9925 - -9880 - (-2 + -10)?
-33
What is the value of -4 - (-73 + (-6 - (-8 + 0)))?
67
What is the value of -6117 - -6170 - (-2 + 48)?
7
What is the value of -14 + (29 - 17 - -8 - 28)?
-22
What is the value of -50 + (-3 - 36 - -110)?
21
What is the value of 417 - 437 - (-3 + 20)?
-37
Evaluate -6 + 3 + -43 + (-19 + 33 - 17).
-49
Calculate 42 + 25 + (21 - (26 + 44)) + -16.
2
Evaluate -126 + 1 - (-5 + 21 - 46).
-95
-3 + 96 + 46 + -93
46
What is -15 + 76 + -61 - -35?
35
What is the value of (1 - -40) + -464 + 465 + -15?
27
-108 + 6 + -1 + 486 + -493 + 20 + 1
-89
What is (-45 - (-18 + 74)) + 60?
-41
What is the value of 26 - 20 - ((63 - -4) + (-7 - -4))?
-58
Evaluate -163 + 160 + 6 + -35.
-32
-60 - (56 - 135 - 1)
20
Calculate 18 + -3 + -25 + -10 - -61.
41
1 + 0 - (-76 + 55) - 30
-8
Calculate -1 - 0 - (1 - -72 - (-112 - -129)).
-57
(19 - 6 - -150) + -155
8
-205 + 167 + 89 - (1 + -38)
88
(-3 - -3 - (-7 + (5 - -3))) + (67 - 95)
-29
-71 + 0 - (2828 + -2759)
-140
What is -3 - -1 - (2 + (54 + -21 - (7 - 8)))?
-38
-2 + (1 - -127) + (-216 - (-122 + -79))
111
What is the value of (-17 - -3) + (-7 + -23 - 14)?
-58
What is the value of 47 - -2 - ((-2 - -4) + 2)?
45
What is -2 + (8 - 1) + -2 + (-3 - -1) + 4?
5
Evaluate -18 + (-172 + 214 - (1 + 17)).
6
Evaluate (23 - (29 - 9)) + 7 + (-5 - -2) + -30.
-23
3 - (-8 - 24) - (-99 + 105)
29
-38 + (-1 - 1) + (19 - 34) + (3 - -2)
-50
71 + -44 + (2 - -9)
38
What is the value of 24 - 20 - 60 - (-8 + -1 + 5 + -2)?
-50
What is 12 - (60 + -4 - 21 - -9)?
-32
What is the value of -44 - -113 - ((12 - (2 - -6)) + 2 + -8)?
71
Calculate 16 + (4 - 3) + -54 + 29.
-8
What is the value of (291 - 280) + (8 - 32)?
-13
What is the value of -17 - (-8 + -12) - (-30 - 0)?
33
Evaluate -18 + (97 + -103 - (-10 - -1)).
-15
What is the value of -18 + 11 + 54 + -22 + (9 - -2) + 0?
36
What is the value of -7 - (-41 - (61 - 108))?
-13
-74 + (136 - (49 + 23))
-10
-45 + 57 + -55 - -45
2
(-31 + 78 - 27) + 2 + -72
-50
Calculate -4 + -83 + 21 + -3.
-69
Evaluate 0 - -10 - (-78 + (-66 - -175)).
-21
What is -2618 + 2719 - (7 - -23)?
71
What is the value of (1 - (104 - (5 - 5))) + (-4 - -28 - 16)?
-95
Calculate 96 - (8 - -44 - 19).
63
Evaluate -14 + (4 - (-11 - (-14 - -10))) - 67.
-70
Calculate 8 + (13 + -2 + 6 - (-5 - -10)).
20
What is the value of -46 - (0 + -2 + 41) - 21?
-106
-1 - -24 - (530 + -489) - (15 - -2)
-35
Evaluate 11 + 2 + 2 + (-29 + 20 - -11).
17
(-49 - (43 + -110)) + -58
-40
-1 + 20 + -15 + -10 - 8
-14
What is the value of (-14 - -11 - -3) + (-3 - (-72 - 3))?
72
What is the value of -72 + 7 - (1439 - 1596)?
92
Calculate 56 + 45 - 5 - 55.
41
What is the value of (35 - 1) + 68 + -66 + -6?
30
(-105 - (-146 - -86)) + 63
18
Calculate -35 - (60 + -76) - (0 + 42).
-61
(0 - (22 + -34 + 31)) + 5
-14
-1846 + 1817 - (8 + -4)
-33
Evaluate 16 + (-57 - (-5 + -24)) + 54.
42
What is 23 + -2 + (24 - (-125 - -95))?
75
Calculate 51 + (370 - 381) + 17 + 0 - (1 - -3).
53
What is 9 + ((9 - -5 - 26) + -13 - 12)?
-28
What is the value of (39 - 61) + (-223 - -226)?
-19
Evaluate -67 - -67 - (16 + -11 + -2 + -16).
13
Calculate -37 + (43 - (131 + -75)).
-50
What is -65 - (-12 + 7 + (-12 - -5) - (158 - 165))?
-60
Calculate -1 - -11 - ((-48 + 23 - 5) + 75).
-35
What is (-729 - -752) + (14 + -11 + (-1 - -1) - -4)?
30
What is the value of (-2 - -1) + 27 - (29149 + -29139)?
16
Calculate 18 - (-13 + -6 - -39 - -1).
-3
What is 8 + (18 - -11) + 1 + -36 + 19?
21
-12 - (-40 + (3 - -17) + 10) - (23 - 3)
-22
What is the value of 77 + 6 - (-1441 + 1533)?
-9
Evaluate 29 + -15 + (4 - 11 - 3) + 3 -